{"id":52,"date":"2022-01-29T22:30:12","date_gmt":"2022-01-29T20:30:12","guid":{"rendered":"http:\/\/virustauti.fi\/wpsite\/?page_id=52"},"modified":"2026-01-10T13:50:49","modified_gmt":"2026-01-10T11:50:49","slug":"apurahat","status":"publish","type":"page","link":"http:\/\/virustauti.fi\/wpsite\/apurahat\/","title":{"rendered":"Apurahat"},"content":{"rendered":"\r\n<h5 class=\"wp-block-heading\" id=\"virustautien-tutkimussaation-apurahat\">Virustautien Tutkimuss\u00e4\u00e4ti\u00f6n apurahat<\/h5>\r\n\r\n\r\n\r\n<p><span data-olk-copy-source=\"MessageBody\">Apurahat on tarkoitettu nuorille virustutkijoille ja ovat suuruudeltaan 500-1000 EUR. Apuraha-anomukset tehd\u00e4\u00e4n s\u00e4\u00e4ti\u00f6n apuraha-anomuslomakkeella <a href=\"http:\/\/virustauti.fi\/wpsite\/wp-content\/uploads\/2026\/01\/apurahalomake_suom_2026.doc\">http:\/\/virustauti.fi\/wpsite\/wp-content\/uploads\/2026\/01\/apurahalomake_suom_2026.doc<\/a>. Apuraha-anomuslomake l\u00e4hetet\u00e4\u00e4n liitteineen <b>yhten\u00e4 pdf-tiedostona<\/b>\u00a0(max. 5Mb) osoitteeseen\u00a0<\/span><u><a title=\"mailto:jussihepojoki@gmail.com\" href=\"mailto:jussihepojoki@gmail.com\" data-linkindex=\"2\">jussihepojoki@gmail.com<\/a><\/u>. Hakuaika p\u00e4\u00e4ttyy\u00a0<b>30.1.2026<\/b>.\u00a0Hakemuksen voi tehd\u00e4 suomeksi, ruotsiksi tai englanniksi.\u00a0<u>My\u00f6h\u00e4styneit\u00e4 tai ep\u00e4t\u00e4ydellisi\u00e4 anomuksia ei oteta huomioon.<\/u><\/p>\r\n\r\n\r\n\r\n<h5 class=\"wp-block-heading\" id=\"research-grants-awarded-by-the-finnish-foundation-for-research-on-viral-diseases\">Research grants awarded by the Finnish Foundation for Research on Viral Diseases<\/h5>\r\n\r\n\r\n\r\n<p><span data-olk-copy-source=\"MessageBody\">The grants, with the amount of 500-1000 EUR, are for young investigators in the field of virology. Grants are applied using the grant application form <a href=\"http:\/\/virustauti.fi\/wpsite\/wp-content\/uploads\/2026\/01\/apurahalomake_engl_2026.doc\">http:\/\/virustauti.fi\/wpsite\/wp-content\/uploads\/2026\/01\/apurahalomake_engl_2026.doc<\/a>. The application form with the appendices should be sent as <b>a single pdf-file<\/b>\u00a0(max 5Mb) to the address\u00a0<\/span><u><a title=\"mailto:jussihepojoki@gmail.com\" href=\"mailto:jussihepojoki@gmail.com\" data-linkindex=\"3\">jussihepojoki@gmail.com<\/a><\/u>\u00a0by the\u00a0<b>30th of January 2026.\u00a0<\/b>The application can be written either in Finnish, Swedish or English.\u00a0<u>Applications arriving late or incomplete will be disregarded.<\/u><\/p>\r\n\r\n\r\n\r\n<h5 class=\"wp-block-heading\" id=\"myonnetyt-apurahat\">My\u00f6nnetyt apurahat<\/h5>\r\n\r\n\r\n\r\n<ul>\r\n<li>Apurahat vuonna: <a href=\"http:\/\/virustauti.fi\/wpsite\/apurahat\/apurahat-2024\/\" data-type=\"page\" data-id=\"54\">2024<\/a><\/li>\r\n<li>Apurahat vuonna: <a href=\"http:\/\/virustauti.fi\/wpsite\/apurahat\/apurahat-2023\/\" data-type=\"page\" data-id=\"54\">2023<\/a><\/li>\r\n<li>Apurahat vuonna: <a href=\"http:\/\/virustauti.fi\/wpsite\/apurahat\/apurahat-2022\/\" data-type=\"page\" data-id=\"54\">2022<\/a><\/li>\r\n<li>Apurahat vuonna: <a href=\"http:\/\/virustauti.fi\/wpsite\/apurahat\/apurahat-2021\/\" data-type=\"page\" data-id=\"54\">2021<\/a><\/li>\r\n<li>Apurahat vuonna: <a href=\"http:\/\/virustauti.fi\/wpsite\/apurahat\/apurahat-2020\/\" data-type=\"page\" data-id=\"54\">2020<\/a><\/li>\r\n<li>Apurahat vuonna: <a href=\"http:\/\/virustauti.fi\/wpsite\/apurahat\/apurahat-2019\/\" data-type=\"page\" data-id=\"54\">2019<\/a><\/li>\r\n<li>Apurahat vuonna: <a href=\"http:\/\/virustauti.fi\/wpsite\/apurahat\/apurahat-2018\/\" data-type=\"page\" data-id=\"54\">2018<\/a><\/li>\r\n<li>Apurahat vuonna: <a href=\"http:\/\/virustauti.fi\/wpsite\/apurahat\/apurahat-2017\/\" data-type=\"page\" data-id=\"54\">2017<\/a><\/li>\r\n<li>Apurahat vuonna: <a href=\"http:\/\/virustauti.fi\/wpsite\/apurahat\/apurahat-2016\/\" data-type=\"page\" data-id=\"54\">2016<\/a><\/li>\r\n<li>Apurahat vuonna: <a href=\"http:\/\/virustauti.fi\/wpsite\/apurahat\/apurahat-2015\/\" data-type=\"page\" data-id=\"54\">2015<\/a><\/li>\r\n<li>Apurahat vuonna: <a href=\"http:\/\/virustauti.fi\/wpsite\/apurahat\/apurahat-2014\/\" data-type=\"page\" data-id=\"54\">2014<\/a><\/li>\r\n<li>Apurahat vuonna: <a href=\"http:\/\/virustauti.fi\/wpsite\/apurahat\/apurahat-2013\/\" data-type=\"page\" data-id=\"54\">2013<\/a><\/li>\r\n<li>Apurahat vuonna: <a href=\"http:\/\/virustauti.fi\/wpsite\/apurahat\/apurahat-2012\/\" data-type=\"page\" data-id=\"54\">2012<\/a><\/li>\r\n<li>Apurahat vuonna: <a href=\"http:\/\/virustauti.fi\/wpsite\/apurahat\/apurahat-2011\/\" data-type=\"page\" data-id=\"54\">2011<\/a><\/li>\r\n<li>Apurahat vuonna: <a href=\"http:\/\/virustauti.fi\/wpsite\/apurahat\/apurahat-2009\/\" data-type=\"page\" data-id=\"54\">2009<\/a><\/li>\r\n<li>Apurahat vuonna: <a href=\"http:\/\/virustauti.fi\/wpsite\/apurahat\/apurahat-2008\/\" data-type=\"page\" data-id=\"54\">2008<\/a><\/li>\r\n<li>Apurahat vuonna: <a href=\"http:\/\/virustauti.fi\/wpsite\/apurahat\/apurahat-2007\/\" data-type=\"page\" data-id=\"54\">2007<\/a><\/li>\r\n<li>Apurahat vuonna: <a href=\"http:\/\/virustauti.fi\/wpsite\/apurahat\/apurahat-2006\/\" data-type=\"page\" data-id=\"54\">2006<\/a><\/li>\r\n<li>Apurahat vuonna: <a href=\"http:\/\/virustauti.fi\/wpsite\/apurahat\/apurahat-2005\/\" data-type=\"page\" data-id=\"54\">2005<\/a><\/li>\r\n<li>Apurahat vuonna: <a href=\"http:\/\/virustauti.fi\/wpsite\/apurahat\/apurahat-2004\/\" data-type=\"page\" data-id=\"54\">2004<\/a><\/li>\r\n<\/ul>\r\n","protected":false},"excerpt":{"rendered":"<p>Virustautien Tutkimuss\u00e4\u00e4ti\u00f6n apurahat Apurahat on tarkoitettu nuorille virustutkijoille ja ovat suuruudeltaan 500-1000 EUR. Apuraha-anomukset tehd\u00e4\u00e4n s\u00e4\u00e4ti\u00f6n apuraha-anomuslomakkeella http:\/\/virustauti.fi\/wpsite\/wp-content\/uploads\/2026\/01\/apurahalomake_suom_2026.doc. Apuraha-anomuslomake l\u00e4hetet\u00e4\u00e4n liitteineen yhten\u00e4 pdf-tiedostona\u00a0(max. 5Mb) osoitteeseen\u00a0jussihepojoki@gmail.com. Hakuaika p\u00e4\u00e4ttyy\u00a030.1.2026.\u00a0Hakemuksen voi tehd\u00e4 suomeksi, ruotsiksi tai englanniksi.\u00a0My\u00f6h\u00e4styneit\u00e4 tai ep\u00e4t\u00e4ydellisi\u00e4 anomuksia ei oteta huomioon. Research grants awarded by the Finnish Foundation for Research on Viral Diseases The grants, with the [&hellip;]<\/p>\n","protected":false},"author":1,"featured_media":0,"parent":0,"menu_order":4,"comment_status":"closed","ping_status":"closed","template":"","meta":{"footnotes":""},"class_list":["post-52","page","type-page","status-publish","hentry"],"_links":{"self":[{"href":"http:\/\/virustauti.fi\/wpsite\/wp-json\/wp\/v2\/pages\/52","targetHints":{"allow":["GET"]}}],"collection":[{"href":"http:\/\/virustauti.fi\/wpsite\/wp-json\/wp\/v2\/pages"}],"about":[{"href":"http:\/\/virustauti.fi\/wpsite\/wp-json\/wp\/v2\/types\/page"}],"author":[{"embeddable":true,"href":"http:\/\/virustauti.fi\/wpsite\/wp-json\/wp\/v2\/users\/1"}],"replies":[{"embeddable":true,"href":"http:\/\/virustauti.fi\/wpsite\/wp-json\/wp\/v2\/comments?post=52"}],"version-history":[{"count":19,"href":"http:\/\/virustauti.fi\/wpsite\/wp-json\/wp\/v2\/pages\/52\/revisions"}],"predecessor-version":[{"id":504,"href":"http:\/\/virustauti.fi\/wpsite\/wp-json\/wp\/v2\/pages\/52\/revisions\/504"}],"wp:attachment":[{"href":"http:\/\/virustauti.fi\/wpsite\/wp-json\/wp\/v2\/media?parent=52"}],"curies":[{"name":"wp","href":"https:\/\/api.w.org\/{rel}","templated":true}]}}