{"id":422,"date":"2023-05-12T13:56:28","date_gmt":"2023-05-12T11:56:28","guid":{"rendered":"http:\/\/virustauti.fi\/wpsite\/?page_id=422"},"modified":"2023-05-12T13:56:28","modified_gmt":"2023-05-12T11:56:28","slug":"apurahat-2007","status":"publish","type":"page","link":"http:\/\/virustauti.fi\/wpsite\/apurahat\/apurahat-2007\/","title":{"rendered":"Apurahat 2007"},"content":{"rendered":"\r\n<p>\r\nVirustautien tutkimuss\u00e4\u00e4ti\u00f6n apurahalautakunta (prof. Timo Hyypi\u00e4, prof. Ilkka Julkunen ja\r\nemer prof. Antti Vaheri) on antanut lausuntonsa apurahahakemuksista, joita saapui\r\nm\u00e4\u00e4r\u00e4aikaan menness\u00e4 32 kpl.<\/p>\r\n<p>\r\nK\u00e4sitelty\u00e4\u00e4n hakemukset ja saatuaan taloudenhoitajan lausunnon k\u00e4ytett\u00e4viss\u00e4 olevasta\r\nkokonaissummasta lautakunta on p\u00e4\u00e4tynyt yksimielisesti ehdottamaan apurahojen\r\nmy\u00f6nt\u00e4mist\u00e4 seuraaville kahdeksalle hakijalle, 1300 euroa kullekin:<\/p>\r\n\r\n\r\n\r\n<ul class=\"wp-block-list\">\r\n<li>FM Lotta Kangasniemi, Helsingin yliopisto ja HUS<\/li>\r\n<li>Dipl. Biol. Juha Lindner, University of Regensburg<\/li>\r\n<li>FM Patrik Michel, Jyv\u00e4skyl\u00e4n yliopisto<\/li>\r\n<li>FK P\u00e4ivi Norja, Helsingin yliopisto<\/li>\r\n<li>FM Kati Pulkkinen, Tampereen yliopisto<\/li>\r\n<li>FM Tarja Sironen, Helsingin yliopisto<\/li>\r\n<li>FM Teemu Smura, KTL<\/li>\r\n<li>FM Markus V\u00e4h\u00e4-Koskela, \u00c5bo Akademi<\/li>\r\n\r\n<\/ul>\r\n","protected":false},"excerpt":{"rendered":"<p>Virustautien tutkimuss\u00e4\u00e4ti\u00f6n apurahalautakunta (prof. Timo Hyypi\u00e4, prof. Ilkka Julkunen ja emer prof. Antti Vaheri) on antanut lausuntonsa apurahahakemuksista, joita saapui m\u00e4\u00e4r\u00e4aikaan menness\u00e4 32 kpl. K\u00e4sitelty\u00e4\u00e4n hakemukset ja saatuaan taloudenhoitajan lausunnon k\u00e4ytett\u00e4viss\u00e4 olevasta kokonaissummasta lautakunta on p\u00e4\u00e4tynyt yksimielisesti ehdottamaan apurahojen my\u00f6nt\u00e4mist\u00e4 seuraaville kahdeksalle hakijalle, 1300 euroa kullekin: FM Lotta Kangasniemi, Helsingin yliopisto ja HUS Dipl. Biol. [&hellip;]<\/p>\n","protected":false},"author":3,"featured_media":0,"parent":52,"menu_order":0,"comment_status":"closed","ping_status":"closed","template":"","meta":{"footnotes":""},"class_list":["post-422","page","type-page","status-publish","hentry"],"_links":{"self":[{"href":"http:\/\/virustauti.fi\/wpsite\/wp-json\/wp\/v2\/pages\/422","targetHints":{"allow":["GET"]}}],"collection":[{"href":"http:\/\/virustauti.fi\/wpsite\/wp-json\/wp\/v2\/pages"}],"about":[{"href":"http:\/\/virustauti.fi\/wpsite\/wp-json\/wp\/v2\/types\/page"}],"author":[{"embeddable":true,"href":"http:\/\/virustauti.fi\/wpsite\/wp-json\/wp\/v2\/users\/3"}],"replies":[{"embeddable":true,"href":"http:\/\/virustauti.fi\/wpsite\/wp-json\/wp\/v2\/comments?post=422"}],"version-history":[{"count":1,"href":"http:\/\/virustauti.fi\/wpsite\/wp-json\/wp\/v2\/pages\/422\/revisions"}],"predecessor-version":[{"id":423,"href":"http:\/\/virustauti.fi\/wpsite\/wp-json\/wp\/v2\/pages\/422\/revisions\/423"}],"up":[{"embeddable":true,"href":"http:\/\/virustauti.fi\/wpsite\/wp-json\/wp\/v2\/pages\/52"}],"wp:attachment":[{"href":"http:\/\/virustauti.fi\/wpsite\/wp-json\/wp\/v2\/media?parent=422"}],"curies":[{"name":"wp","href":"https:\/\/api.w.org\/{rel}","templated":true}]}}