{"id":408,"date":"2023-05-12T13:48:35","date_gmt":"2023-05-12T11:48:35","guid":{"rendered":"http:\/\/virustauti.fi\/wpsite\/?page_id=408"},"modified":"2023-05-12T13:48:35","modified_gmt":"2023-05-12T11:48:35","slug":"apurahat-2012","status":"publish","type":"page","link":"http:\/\/virustauti.fi\/wpsite\/apurahat\/apurahat-2012\/","title":{"rendered":"Apurahat 2012"},"content":{"rendered":"\r\n<p>\r\nVirustautien tutkimuss\u00e4\u00e4ti\u00f6n apurahalautakunta (prof. Veijo Hukkanen, prof. Olli Vapalahti\r\nja dos. Maija Vihinen-Ranta) on antanut lausuntonsa apurahahakemuksista. Lautakunta on\r\np\u00e4\u00e4tynyt yksimielisesti my\u00f6nt\u00e4m\u00e4\u00e4n apurahat seuraaville yhdelletoista hakijalle, 1300 euroa\r\nkullekin:<\/p>\r\n\r\n\r\n\r\n<ul class=\"wp-block-list\">\r\n<li>FM Tingting Chen, Helsingin yliopisto<\/li>\r\nELL Tuija Kantala, Helsingin yliopisto<\/li>\r\n<li>M Pharm Sergio Lavilla-Alonso, Helsingin yliopisto<\/li>\r\n<li>FM Niina Lietzen, Helsingin yliopisto<\/li>\r\n<li>LT Karolina Louvanto, Turun yliopisto<\/li>\r\n<li>LL, FM Petri Nokisalmi, Helsingin yliopisto<\/li>\r\n<li>FM Henrik Paavilainen, Turun yliopisto<\/li>\r\n<li>FM Outi Paloheimo, Jyv\u00e4skyl\u00e4n yliopisto<\/li>\r\n<li>FM Maria Razzauti, Helsingin yliopisto<\/li>\r\n<li>FM Nina Rintanen, Jyv\u00e4skyl\u00e4n yliopisto<\/li>\r\n<li>FM Jussi Sane, Helsingin yliopisto<\/li>\r\n\r\n<\/ul>\r\n","protected":false},"excerpt":{"rendered":"<p>Virustautien tutkimuss\u00e4\u00e4ti\u00f6n apurahalautakunta (prof. Veijo Hukkanen, prof. Olli Vapalahti ja dos. Maija Vihinen-Ranta) on antanut lausuntonsa apurahahakemuksista. Lautakunta on p\u00e4\u00e4tynyt yksimielisesti my\u00f6nt\u00e4m\u00e4\u00e4n apurahat seuraaville yhdelletoista hakijalle, 1300 euroa kullekin: FM Tingting Chen, Helsingin yliopisto ELL Tuija Kantala, Helsingin yliopisto M Pharm Sergio Lavilla-Alonso, Helsingin yliopisto FM Niina Lietzen, Helsingin yliopisto LT Karolina Louvanto, Turun yliopisto [&hellip;]<\/p>\n","protected":false},"author":3,"featured_media":0,"parent":52,"menu_order":0,"comment_status":"closed","ping_status":"closed","template":"","meta":{"footnotes":""},"class_list":["post-408","page","type-page","status-publish","hentry"],"_links":{"self":[{"href":"http:\/\/virustauti.fi\/wpsite\/wp-json\/wp\/v2\/pages\/408","targetHints":{"allow":["GET"]}}],"collection":[{"href":"http:\/\/virustauti.fi\/wpsite\/wp-json\/wp\/v2\/pages"}],"about":[{"href":"http:\/\/virustauti.fi\/wpsite\/wp-json\/wp\/v2\/types\/page"}],"author":[{"embeddable":true,"href":"http:\/\/virustauti.fi\/wpsite\/wp-json\/wp\/v2\/users\/3"}],"replies":[{"embeddable":true,"href":"http:\/\/virustauti.fi\/wpsite\/wp-json\/wp\/v2\/comments?post=408"}],"version-history":[{"count":2,"href":"http:\/\/virustauti.fi\/wpsite\/wp-json\/wp\/v2\/pages\/408\/revisions"}],"predecessor-version":[{"id":410,"href":"http:\/\/virustauti.fi\/wpsite\/wp-json\/wp\/v2\/pages\/408\/revisions\/410"}],"up":[{"embeddable":true,"href":"http:\/\/virustauti.fi\/wpsite\/wp-json\/wp\/v2\/pages\/52"}],"wp:attachment":[{"href":"http:\/\/virustauti.fi\/wpsite\/wp-json\/wp\/v2\/media?parent=408"}],"curies":[{"name":"wp","href":"https:\/\/api.w.org\/{rel}","templated":true}]}}