{"id":402,"date":"2023-05-12T13:44:30","date_gmt":"2023-05-12T11:44:30","guid":{"rendered":"http:\/\/virustauti.fi\/wpsite\/?page_id=402"},"modified":"2023-05-12T13:44:36","modified_gmt":"2023-05-12T11:44:36","slug":"apurahat-2014","status":"publish","type":"page","link":"http:\/\/virustauti.fi\/wpsite\/apurahat\/apurahat-2014\/","title":{"rendered":"Apurahat 2014"},"content":{"rendered":"\r\n<p>Virustautien Tutkimuss\u00e4\u00e4ti\u00f6n apurahalautakunta (prof. Heikki Hy\u00f6ty, dos. Maija Vihinen-\r\nRanta ja prof. Kalle Saksela) on antanut lausuntonsa apurahahakemuksista. Lautakunta on\r\np\u00e4\u00e4tynyt yksimielisesti my\u00f6nt\u00e4m\u00e4\u00e4n apurahat seuraaville yhdelletoista hakijalle, 1000 euroa\r\nkullekin:<\/p>\r\n\r\n\r\n\r\n<ul class=\"wp-block-list\">\r\n<li>Sadeghi Reza, Helsingin yliopisto<\/li>\r\n<li>Kolehmainen Pekka, Helsingin yliopisto<\/li>\r\n<li>Hirvinen Mari, Helsingin yliopisto<\/li>\r\n<li>Kalliolinna Olli, Jyv\u00e4skyl\u00e4n yliopisto<\/li>\r\n<li>Martikainen Miika, It\u00e4-Suomen yliopisto<\/li>\r\n<li>Viili\u00e4inen Johanna, Helsingin yliopisto<\/li>\r\n<li>Nykky Jonna, Jyv\u00e4skyl\u00e4n yliopisto<\/li>\r\n<li>Mattila Riikka, Oulun yliopisto<\/li>\r\n<li>Merilahti Pirjo, Turun yliopisto<\/li>\r\n<li>Tynell Janne, THL<\/li>\r\n<li>Makkonen Emilia, It\u00e4-Suomen yliopisto<\/li>\r\n\r\n<\/ul>\r\n","protected":false},"excerpt":{"rendered":"<p>Virustautien Tutkimuss\u00e4\u00e4ti\u00f6n apurahalautakunta (prof. Heikki Hy\u00f6ty, dos. Maija Vihinen- Ranta ja prof. Kalle Saksela) on antanut lausuntonsa apurahahakemuksista. Lautakunta on p\u00e4\u00e4tynyt yksimielisesti my\u00f6nt\u00e4m\u00e4\u00e4n apurahat seuraaville yhdelletoista hakijalle, 1000 euroa kullekin: Sadeghi Reza, Helsingin yliopisto Kolehmainen Pekka, Helsingin yliopisto Hirvinen Mari, Helsingin yliopisto Kalliolinna Olli, Jyv\u00e4skyl\u00e4n yliopisto Martikainen Miika, It\u00e4-Suomen yliopisto Viili\u00e4inen Johanna, Helsingin yliopisto Nykky [&hellip;]<\/p>\n","protected":false},"author":3,"featured_media":0,"parent":52,"menu_order":0,"comment_status":"closed","ping_status":"closed","template":"","meta":{"footnotes":""},"class_list":["post-402","page","type-page","status-publish","hentry"],"_links":{"self":[{"href":"http:\/\/virustauti.fi\/wpsite\/wp-json\/wp\/v2\/pages\/402","targetHints":{"allow":["GET"]}}],"collection":[{"href":"http:\/\/virustauti.fi\/wpsite\/wp-json\/wp\/v2\/pages"}],"about":[{"href":"http:\/\/virustauti.fi\/wpsite\/wp-json\/wp\/v2\/types\/page"}],"author":[{"embeddable":true,"href":"http:\/\/virustauti.fi\/wpsite\/wp-json\/wp\/v2\/users\/3"}],"replies":[{"embeddable":true,"href":"http:\/\/virustauti.fi\/wpsite\/wp-json\/wp\/v2\/comments?post=402"}],"version-history":[{"count":2,"href":"http:\/\/virustauti.fi\/wpsite\/wp-json\/wp\/v2\/pages\/402\/revisions"}],"predecessor-version":[{"id":404,"href":"http:\/\/virustauti.fi\/wpsite\/wp-json\/wp\/v2\/pages\/402\/revisions\/404"}],"up":[{"embeddable":true,"href":"http:\/\/virustauti.fi\/wpsite\/wp-json\/wp\/v2\/pages\/52"}],"wp:attachment":[{"href":"http:\/\/virustauti.fi\/wpsite\/wp-json\/wp\/v2\/media?parent=402"}],"curies":[{"name":"wp","href":"https:\/\/api.w.org\/{rel}","templated":true}]}}