{"id":389,"date":"2023-05-12T13:31:15","date_gmt":"2023-05-12T11:31:15","guid":{"rendered":"http:\/\/virustauti.fi\/wpsite\/?page_id=389"},"modified":"2023-05-12T13:31:21","modified_gmt":"2023-05-12T11:31:21","slug":"apurahat-2017","status":"publish","type":"page","link":"http:\/\/virustauti.fi\/wpsite\/apurahat\/apurahat-2017\/","title":{"rendered":"Apurahat 2017"},"content":{"rendered":"\r\n<p>Virustautien Tutkimuss\u00e4\u00e4ti\u00f6n apurahalautakunta (dos. Kari Airenne, dos. Tytti Vuorinen ja\r\nprof. Olli Vapalahti) on antanut lausuntonsa apurahahakemuksista. Virustautien\r\nTutkimuss\u00e4\u00e4ti\u00f6 on p\u00e4\u00e4tynyt yksimielisesti my\u00f6nt\u00e4m\u00e4\u00e4n apurahat seuraaville 10 hakijalle,\r\n1000 euroa kullekin:<\/p>\r\n\r\n\r\n\r\n<ul class=\"wp-block-list\">\r\n<li>Aho Vesa, Jyv\u00e4skyl\u00e4n yliopisto: Modelling viral capsid movement in realistic cellular\r\ngeometries<\/li>\r\n<li>Mattila Sari, Jyv\u00e4skyl\u00e4n yliopisto: Harnessing bacteriophages against antibiotic-\r\nresistant bacteria and resistance carrying plasmids<\/li>\r\n<li>Kuivanen Suvi, Helsingin yliopisto: Differential pathogenesis of neurotropic\r\nflaviviruses<\/li>\r\n<li>Toppinen Mari, Helsingin yliopisto: Archeovirology: persistence of virus genomes in\r\nus and our ancestors<\/li>\r\n<li>Virtanen Elina, Helsingin yliopisto: Diagnostics and monitoring of chronic viral\r\ninfections<\/li>\r\n<li>Capasso Christian, Helsingin yliopisto: Effects of pre-existing immunity to\r\nadenoviruses on virus-based immunotherapy<\/li>\r\n<li>Laurinm\u00e4ki Pasi, Helsingin yliopisto: Cryogenic electron microscopy in structural\r\nvirology: dissecting the icosahedral capsid<\/li>\r\n<li>Luhtanen Anne-Mari, Helsingin yliopisto: Virus-host systems in sea ice<\/li>\r\n<li>Lehtinen Jenni, Turun yliopisto: The development of an oncolytic gene therapy\r\nvector based on clinical herpes simplex virus<\/li>\r\n<li>Paaso Anna, Turun yliopisto: Effects of human papillomavirus-specific immunity on\r\nthe outcome of HPV infections in women<\/li>\r\n\r\n\r\n<\/ul>\r\n","protected":false},"excerpt":{"rendered":"<p>Virustautien Tutkimuss\u00e4\u00e4ti\u00f6n apurahalautakunta (dos. Kari Airenne, dos. Tytti Vuorinen ja prof. Olli Vapalahti) on antanut lausuntonsa apurahahakemuksista. Virustautien Tutkimuss\u00e4\u00e4ti\u00f6 on p\u00e4\u00e4tynyt yksimielisesti my\u00f6nt\u00e4m\u00e4\u00e4n apurahat seuraaville 10 hakijalle, 1000 euroa kullekin: Aho Vesa, Jyv\u00e4skyl\u00e4n yliopisto: Modelling viral capsid movement in realistic cellular geometries Mattila Sari, Jyv\u00e4skyl\u00e4n yliopisto: Harnessing bacteriophages against antibiotic- resistant bacteria and resistance carrying [&hellip;]<\/p>\n","protected":false},"author":3,"featured_media":0,"parent":52,"menu_order":0,"comment_status":"closed","ping_status":"closed","template":"","meta":{"footnotes":""},"class_list":["post-389","page","type-page","status-publish","hentry"],"_links":{"self":[{"href":"http:\/\/virustauti.fi\/wpsite\/wp-json\/wp\/v2\/pages\/389","targetHints":{"allow":["GET"]}}],"collection":[{"href":"http:\/\/virustauti.fi\/wpsite\/wp-json\/wp\/v2\/pages"}],"about":[{"href":"http:\/\/virustauti.fi\/wpsite\/wp-json\/wp\/v2\/types\/page"}],"author":[{"embeddable":true,"href":"http:\/\/virustauti.fi\/wpsite\/wp-json\/wp\/v2\/users\/3"}],"replies":[{"embeddable":true,"href":"http:\/\/virustauti.fi\/wpsite\/wp-json\/wp\/v2\/comments?post=389"}],"version-history":[{"count":2,"href":"http:\/\/virustauti.fi\/wpsite\/wp-json\/wp\/v2\/pages\/389\/revisions"}],"predecessor-version":[{"id":391,"href":"http:\/\/virustauti.fi\/wpsite\/wp-json\/wp\/v2\/pages\/389\/revisions\/391"}],"up":[{"embeddable":true,"href":"http:\/\/virustauti.fi\/wpsite\/wp-json\/wp\/v2\/pages\/52"}],"wp:attachment":[{"href":"http:\/\/virustauti.fi\/wpsite\/wp-json\/wp\/v2\/media?parent=389"}],"curies":[{"name":"wp","href":"https:\/\/api.w.org\/{rel}","templated":true}]}}