{"id":381,"date":"2023-05-12T13:23:48","date_gmt":"2023-05-12T11:23:48","guid":{"rendered":"http:\/\/virustauti.fi\/wpsite\/?page_id=381"},"modified":"2023-05-12T13:28:01","modified_gmt":"2023-05-12T11:28:01","slug":"apurahat-2019","status":"publish","type":"page","link":"http:\/\/virustauti.fi\/wpsite\/apurahat\/apurahat-2019\/","title":{"rendered":"Apurahat 2019"},"content":{"rendered":"\r\n<p>Virustautien Tutkimuss\u00e4\u00e4ti\u00f6n apurahalautakunta (prof. Seppo Yl\u00e4-Herttuala, prof. Ilkka\r\nJulkunen ja prof. Olli Vapalahti) on antanut lausuntonsa apurahahakemuksista. Virustautien\r\nTutkimuss\u00e4\u00e4ti\u00f6 on p\u00e4\u00e4tynyt yksimielisesti my\u00f6nt\u00e4m\u00e4\u00e4n apurahat ScanVir2019-kokoukseen\r\nseuraaville 13 hakijalle, 385 euroa kullekin:<\/p>\r\n\r\n\r\n\r\n<ul class=\"wp-block-list\">\r\n<li>Jalkanen Pinja, Turun yliopisto: Development of multianalyte assay for detection of\r\nnarcolepsy patient antibodies against influenza virus NS1 proteins<\/li>\r\n<li>Kalke Kiira, Turun yliopisto: Treatment of herpes simplex virus infection in human\r\ncorneal epithelial cells using modified antiviral siRNA swarms<\/li>\r\n<li>Kolehmainen Pekka, Turun yliopisto: The role of RNA genome in the activation of\r\nRLRs<\/li>\r\n<li>Laajala Mira, Jyv\u00e4skyl\u00e4n yliopisto: Host cell calpain proteases take part in the\r\ncleavage of P1 region of enterovirus polyprotein<\/li>\r\n<li>Lampinen Vili, Tampereen yliopisto: Development of norovirus-like particle vaccine\r\nplatform<\/li>\r\n<li>Loikkanen Linda, Helsingin yliopisto: Antibodies against hepatitis E virus in Finnish\r\nmoose\/li>\r\n<li>Lundberg Rickard, Turun yliopisto: Zika virus non-structural protein 5 efficiently\r\ninterferes with the activation of the RIG-I signaling pathway<\/li>\r\n<li>Lyytinen Outi, Helsingin yliopisto: Production of Lipid-Protein Vesicles in Escherichia\r\ncoli Using Enveloped Bacteriophage Phi6<\/li>\r\n<li>Mattila Sari, Helsingin yliopisto: Towards understanding of the alphavirus replication\r\nsites using proteomics<\/li>\r\n<li>Mattola Salla, Jyv\u00e4skyl\u00e4n yliopisto: Time-dependent nuclear egress through\r\nchromatin of herpesvirus<\/li>\r\n<li>Quirin Marie, Helsingin yliopisto: The RNA Capping Enzyme Domain in Protein A is\r\nEssential for Flock House Virus Replication<\/li>\r\n<li>Ruokolainen Visa, Jyv\u00e4skyl\u00e4n yliopisto: Extracellular factors prime enterovirus\r\nparticles for uncoating<\/li>\r\n<li>Saarinen Niila, Tampereen yliopisto: Antibodies against enterovirus proteases: a way\r\nto separate previous and on-going viral infections?<\/li>\r\n\r\n<\/ul>\r\n","protected":false},"excerpt":{"rendered":"<p>Virustautien Tutkimuss\u00e4\u00e4ti\u00f6n apurahalautakunta (prof. Seppo Yl\u00e4-Herttuala, prof. Ilkka Julkunen ja prof. Olli Vapalahti) on antanut lausuntonsa apurahahakemuksista. Virustautien Tutkimuss\u00e4\u00e4ti\u00f6 on p\u00e4\u00e4tynyt yksimielisesti my\u00f6nt\u00e4m\u00e4\u00e4n apurahat ScanVir2019-kokoukseen seuraaville 13 hakijalle, 385 euroa kullekin: Jalkanen Pinja, Turun yliopisto: Development of multianalyte assay for detection of narcolepsy patient antibodies against influenza virus NS1 proteins Kalke Kiira, Turun yliopisto: Treatment [&hellip;]<\/p>\n","protected":false},"author":3,"featured_media":0,"parent":52,"menu_order":0,"comment_status":"closed","ping_status":"closed","template":"","meta":{"footnotes":""},"class_list":["post-381","page","type-page","status-publish","hentry"],"_links":{"self":[{"href":"http:\/\/virustauti.fi\/wpsite\/wp-json\/wp\/v2\/pages\/381","targetHints":{"allow":["GET"]}}],"collection":[{"href":"http:\/\/virustauti.fi\/wpsite\/wp-json\/wp\/v2\/pages"}],"about":[{"href":"http:\/\/virustauti.fi\/wpsite\/wp-json\/wp\/v2\/types\/page"}],"author":[{"embeddable":true,"href":"http:\/\/virustauti.fi\/wpsite\/wp-json\/wp\/v2\/users\/3"}],"replies":[{"embeddable":true,"href":"http:\/\/virustauti.fi\/wpsite\/wp-json\/wp\/v2\/comments?post=381"}],"version-history":[{"count":3,"href":"http:\/\/virustauti.fi\/wpsite\/wp-json\/wp\/v2\/pages\/381\/revisions"}],"predecessor-version":[{"id":388,"href":"http:\/\/virustauti.fi\/wpsite\/wp-json\/wp\/v2\/pages\/381\/revisions\/388"}],"up":[{"embeddable":true,"href":"http:\/\/virustauti.fi\/wpsite\/wp-json\/wp\/v2\/pages\/52"}],"wp:attachment":[{"href":"http:\/\/virustauti.fi\/wpsite\/wp-json\/wp\/v2\/media?parent=381"}],"curies":[{"name":"wp","href":"https:\/\/api.w.org\/{rel}","templated":true}]}}